st common divisor of 1406340 and 42?
6
What is the highest common factor of 943 and 3922867741?
943
What is the greatest common factor of 1534 and 5078838?
118
What is the highest common divisor of 30385 and 22905?
5
What is the highest common factor of 267949 and 2464?
11
Calculate the greatest common divisor of 1114171 and 19572563.
8773
What is the highest common divisor of 18 and 4002226?
2
What is the highest common factor of 61113965 and 55?
55
Calculate the greatest common divisor of 2700019392 and 16.
16
Calculate the highest common factor of 17634612 and 2928.
732
What is the highest common factor of 295343709 and 758?
379
Calculate the highest common factor of 33754 and 9198.
14
What is the greatest common divisor of 1696636 and 62212?
604
Calculate the greatest common divisor of 10 and 6596130.
10
What is the highest common divisor of 2914 and 164305890?
2914
Calculate the highest common factor of 2015 and 118467895.
2015
Calculate the greatest common divisor of 2381910 and 210.
30
Calculate the highest common divisor of 1740 and 915820.
580
Calculate the greatest common divisor of 13116 and 9210711.
3279
Calculate the greatest common factor of 5 and 37097080.
5
Calculate the highest common factor of 14875 and 80943800.
2975
Calculate the highest common factor of 7408 and 3549358.
926
What is the greatest common divisor of 54240 and 4258080?
480
What is the highest common divisor of 940075 and 2573?
31
What is the greatest common divisor of 660 and 16255920?
60
Calculate the highest common divisor of 18691962 and 69.
69
What is the greatest common divisor of 1145593242 and 556?
278
What is the greatest common factor of 4744567 and 1687?
241
What is the greatest common divisor of 172385744 and 48?
16
Calculate the greatest common divisor of 6 and 95685054.
6
Calculate the greatest common factor of 937017342 and 292.
146
Calculate the highest common factor of 35682960 and 1256.
1256
What is the greatest common factor of 1313581 and 2444212?
3659
What is the greatest common divisor of 304 and 72469040?
304
What is the greatest common divisor of 438822 and 1620?
18
What is the highest common divisor of 449031 and 29403?
363
Calculate the highest common divisor of 1716 and 21733257.
39
Calculate the highest common divisor of 5392 and 4082081.
337
Calculate the highest common divisor of 8148 and 1505784.
84
Calculate the greatest common factor of 15309 and 804087.
729
Calculate the greatest common divisor of 781 and 528737.
781
What is the highest common factor of 325 and 8991225?
25
What is the highest common factor of 5488 and 281773814?
686
Calculate the highest common divisor of 9 and 7540380.
9
Calculate the highest common factor of 15390 and 15384870.
5130
Calculate the greatest common factor of 2185352 and 767.
13
Calculate the greatest common factor of 4 and 37251068.
4
What is the highest common factor of 1223 and 60246203?
1223
Calculate the highest common divisor of 18796180 and 39.
13
What is the highest common divisor of 15601929 and 42?
21
Calculate the greatest common divisor of 34768620 and 159220.
8380
Calculate the greatest common factor of 72369 and 29557.
11
Calculate the highest common divisor of 2993 and 19712267.
41
What is the greatest common factor of 25 and 2751305?
5
Calculate the greatest common factor of 3205068 and 9434.
178
What is the highest common divisor of 4520138 and 280?
14
What is the greatest common factor of 34176 and 44160?
384
What is the greatest common factor of 1261997 and 141?
47
Calculate the greatest common factor of 8975 and 4018075.
25
What is the highest common factor of 50587803 and 3654?
1827
Calculate the greatest common divisor of 3365680 and 1920.
80
Calculate the highest common divisor of 79984030 and 19530.
2170
What is the greatest common factor of 252006856 and 1880?
376
What is the greatest common divisor of 380349 and 27?
27
Calculate the greatest common divisor of 46988 and 41935408.
2764
Calculate the highest common factor of 768 and 47997696.
768
What is the greatest common factor of 393 and 39824?
131
Calculate the highest common factor of 54792 and 5288.
8
Calculate the highest common divisor of 1247619302 and 1214.
1214
Calculate the greatest common factor of 30723672 and 28.
28
What is the highest common factor of 12 and 15206307?
3
What is the greatest common divisor of 353 and 741419?
1
What is the highest common divisor of 1021024796 and 88?
44
What is the highest common divisor of 90 and 17460738?
18
Calculate the greatest common divisor of 282 and 124799.
1
What is the highest common factor of 6641 and 2748458?
229
Calculate the highest common factor of 59033 and 12058267.
3107
Calculate the highest common divisor of 96872 and 10936.
8
What is the highest common divisor of 51 and 276978?
3
Calculate the highest common divisor of 148078624 and 16.
16
Calculate the highest common factor of 5786 and 84049014.
526
Calculate the greatest common divisor of 121 and 37846.
1
What is the highest common factor of 1196 and 8083373?
23
What is the highest common divisor of 7425313 and 98?
49
What is the highest common factor of 81933 and 3057951?
2643
Calculate the highest common factor of 6223 and 1041593.
49
Calculate the greatest common divisor of 196021 and 287.
287
Calculate the highest common factor of 44171808 and 15504.
912
Calculate the highest common divisor of 54337616 and 48.
16
Calculate the highest common divisor of 2265356 and 12028.
124
Calculate the greatest common factor of 54250042 and 66.
22
What is the highest common factor of 1329467711 and 2431?
2431
What is the highest common factor of 1579 and 165002342?
1579
Calculate the greatest common factor of 1323 and 119016982.
49
What is the highest common divisor of 96 and 297460200?
24
Calculate the highest common factor of 53884 and 18392.
76
Calculate the highest common factor of 258 and 1241324.
86
What is the highest common factor of 19468 and 1011778?
62
What is the highest common factor of 1414 and 14?
14
Calculate the highest common divisor of 18202288 and 1092.
52
What is the highest common divisor of 540 and 1204284?
12
What is the greatest common factor of 631350 and 20286?
414
What is the greatest common factor of 14096075 and 2799?
311
What is the highest common factor of 3870 and 11858310?
90
Calculate the greatest common divisor of 3761744 and 1456.
112
What is the greatest common divisor of 156248 and 1184?
8
What is the greatest common divisor of 156 and 2649696?
12
What is the highest common divisor of 69661110 and 37290?
3390
Calculate the highest common divisor of 10738 and 30664424.
826
Calculate the greatest common divisor of 1843 and 183726827.
1843
Calculate the highest common divisor of 931362 and 57086.
782
Calculate the highest common factor of 381016 and 68249.
491
Calculate the highest common divisor of 3977211 and 203.
7
Calculate the greatest common divisor of 1744349 and 5321.
313
Calculate the greatest common divisor of 13569662 and 1562.
142
Calculate the highest common factor of 581 and 5417410.
83
Calculate the highest common divisor of 88592 and 5816336.
1808
What is the greatest common factor of 83264 and 17872?
16
What is the greatest common divisor of 15463 and 244447?
329
Calculate the greatest common factor of 3104 and 527496.
8
What is the greatest common factor of 5883360 and 448?
224
Calculate the highest common factor of 164 and 4863338.
82
Calculate the greatest common divisor of 6051684792 and 431.
431
What is the greatest common divisor of 6 and 521909859?
3
What is the greatest common divisor of 650016 and 46768?
592
Calculate the greatest common divisor of 4893 and 571782.
699
What is the highest common factor of 8992 and 11280?
16
Calculate the highest common divisor of 93252 and 349372.
76
Calculate the highest common divisor of 11 and 3486901.
11
Calculate the highest common divisor of 2171527508 and 706.
706
What is the highest common divisor of 4837328 and 79744?
1424
Calculate the highest common factor of 2468922 and 1761.
1761
What is the greatest common factor of 2826013 and 159?
53
What is the greatest common factor of 588 and 50746227?
21
What is the greatest common factor of 3036 and 554253172?
1012
Calculate the highest common factor of 522 an